ommon divisor of 8 and k?
8
Suppose -1553 = -33*u + 2044. Suppose 92*t + 340 = u*t. Calculate the highest common divisor of 980 and t.
20
Suppose -3*u - 42 + 74 = -2*v, 3*v + 3 = 0. Calculate the highest common factor of u and 1985.
5
Let k be ((30/4)/(18/(-36)))/(-3). Suppose -k*z - w + 77 = 0, z = 2*z - 2*w - 22. What is the greatest common factor of 112 and z?
16
Suppose -1 = 2*n - 9. Let h = -189 + 178. Let t be h*(-15)/(-10)*16/(-6). Calculate the highest common factor of n and t.
4
Let q be -468*3/12*-2. Suppose -q = -20*v + 86. Calculate the highest common factor of 160 and v.
16
Let t(q) = 2*q**3 - 38*q**2 - 135*q + 132. Let m be t(22). Suppose -2*j + 72 + 38 = 0. Calculate the highest common factor of j and m.
11
Suppose 14*p = 19*p + 15. Let y be (-1)/(p/(-312)) - -4. Let l = -44 - y. Calculate the highest common divisor of l and 14.
14
Let m be (-4)/(-6) + 40/3. Suppose 73 = -7*l - 81. Let b(q) = q**2 + 20*q - 2. Let u be b(l). Calculate the greatest common factor of u and m.
14
Suppose 104*m + 83328 - 256384 = 0. Calculate the greatest common factor of 39 and m.
13
Let f be (-154)/(-2) + 1/(2/20). What is the highest common factor of f and 5945?
29
Let s be 33 + 137 - 10/(-1). Let d be -5*(-2 - 50/2). What is the greatest common factor of s and d?
45
Let d(x) = -x**2 - 538*x + 38. Let s be d(0). Calculate the highest common divisor of 3686 and s.
38
Let q = 196 + -81. Let i be ((-105)/(-2))/((-18753)/(-1786)). Calculate the greatest common factor of q and i.
5
Let s be 115/(-35) + 8 + (-2)/(-7). Suppose -17 + 27 = 5*d. Suppose 3*w + j = 134, d*w - 226 = -3*w + j. What is the greatest common divisor of s and w?
5
Suppose 15 = d - 0*d - 3*w, 0 = 2*d + 4*w - 60. Let v = 249 + -152. Let r = v - 37. Calculate the highest common divisor of r and d.
12
Let m(f) = -f**3 + 5*f**2 + 10*f + 30. Let w be m(7). Suppose 4*u = u + 2*c + 14, 0 = -w*u - 4*c + 36. Calculate the greatest common divisor of 40 and u.
8
Let i = -322 - -587. Let y = i + 55. Suppose -4*t - 5*p = -7*p - y, -94 = -t + 4*p. Calculate the highest common factor of 26 and t.
26
Suppose 6*b = 62*b - 26427 - 32709. What is the highest common divisor of 432 and b?
48
Suppose -1444 = -42*y + 176*y - 7072. Calculate the greatest common divisor of 11494 and y.
14
Let t = 287 - 197. Suppose -3*s - g + 450 = 149, -4*g + 295 = 3*s. Let c = -91 + s. Calculate the highest common factor of t and c.
10
Let b = 107 + -103. Suppose -4*v = 2*f - 23 - 53, b*v = f - 44. Suppose 46 = 6*u - 2. What is the greatest common divisor of u and f?
8
Suppose 0 = -4*f - 48*t + 43*t + 153, 3*t = 3*f - 135. What is the greatest common factor of 26754 and f?
42
Let f(b) = 95*b + 205. Let v be f(-2). What is the greatest common divisor of v and 87?
3
Let q = -98 + 110. Let w = 111 - -33. Suppose -q*j + 4*j + w = 0. What is the highest common divisor of 6 and j?
6
Let z be 125/((-250)/10) - (0 - 2448/2). Calculate the highest common divisor of z and 115.
23
Let p = -791 + 598. Let f = p + 403. What is the greatest common factor of f and 168?
42
Suppose 814*s - 6264 = 756*s. What is the highest common divisor of s and 1314?
18
Let n = -64 - -67. Suppose -4*z - 3*o + 102 = -5*o, 0 = z - n*o - 13. Let v be (-56)/12*(-14 - 1). What is the highest common divisor of z and v?
14
Let p be (1455/(-9))/(-2*(-1)/(-6)). What is the highest common divisor of 10 and p?
5
Let k(v) = -660*v + 336*v - 58 + 336*v + v**2. Let o be k(6). What is the greatest common divisor of o and 250?
50
Suppose 4*p + 546 - 66 = 0. Let y be p/(-300) + 133/5. Calculate the greatest common factor of 54 and y.
27
Suppose f + 1996 = 4*x - f, -4*f - 998 = -2*x. Suppose -4*b - x = -3. Let c = -72 - b. What is the greatest common divisor of 26 and c?
26
Suppose 5*w - 57 = 5*k - 2, 0 = -5*w - 4*k + 64. Let o be w/6 + 287 + -4. What is the greatest common divisor of 114 and o?
57
Suppose 104*c - 1248 = 56*c. What is the highest common divisor of 4654 and c?
26
Suppose 8 = 2*o - 2*l - 10, 0 = -l - 3. Let g(u) = 2*u**3 - 37*u**2 - 59*u - 16. Let f be g(20). What is the greatest common factor of o and f?
2
Let u(d) = 3*d + 30. Suppose 4*n = -71 + 35. Let h be u(n). Let v = -12 + 14. Calculate the highest common factor of h and v.
1
Let x be -17 + (-319)/(-11) + 192. Calculate the highest common factor of 42 and x.
6
Suppose 270 = d - 2*g, d - 298 = -2*g - 40. Calculate the highest common divisor of 429 and d.
33
Suppose -15*c - 95 = 220. Let w(t) = -t**3 - 21*t**2 - 3*t + 17. Let q be w(c). What is the greatest common divisor of q and 5?
5
Suppose 0*p = -f + 4*p + 95, 0 = p. Let a = 98 - f. Suppose 4*u = -5*d + 83, 0 = d + 5*u - a - 1. Calculate the highest common factor of 266 and d.
19
Suppose m - 2*m = -2*i + 113, -258 = 2*m + 4*i. Suppose 227*j - 12971 = 346*j. Let p = j - m. Calculate the highest common divisor of 42 and p.
6
Let p(s) = 127*s**2 - 8*s + 123. Let h be p(5). Calculate the highest common divisor of 18 and h.
18
Let z(g) = 2*g**3 - 5*g**2 - 34*g + 61. Let o be z(5). What is the greatest common divisor of 2504 and o?
8
Suppose -4*k + 0*f + 3021 = f, 5*k - f - 3783 = 0. What is the highest common factor of k and 2352?
84
Let f be (20 - 5) + (-6)/1. Let j be ((-25929)/86)/(((-10)/(-4))/(-5)). Calculate the highest common divisor of f and j.
9
Suppose 5*x = 4*w + 3*x - 74, -5*x + 13 = w. Suppose 0 = 2*r - 4*q - 400, 4*q - 101 = -r + 93. Calculate the greatest common factor of r and w.
18
Suppose -w + 100 = 2*g, -3*g + 5*w = -282 + 93. Let h(x) = 147*x**2 - 4*x + 3. Let v be h(2). Calculate the highest common divisor of g and v.
53
Let v = -1 - -6. Suppose z = -3*g + 5*z + 93, -3*g = -2*z - 93. Suppose -4*n + g = -29. What is the highest common factor of n and v?
5
Let u = 543 + -554. Let i be ((-42680)/12)/u - 2/6. Calculate the highest common divisor of i and 51.
17
Suppose 2054 + 13807 = 2898*n - 1527. Suppose -61 = -j - 4*t, 4*t - 217 - 87 = -4*j. What is the greatest common factor of j and n?
3
Let b(o) = 57*o - 2. Let v be b(2). Let n be ((-2121)/909)/((-2)/30). What is the highest common divisor of v and n?
7
Let z be (-272)/6*18/(-8). Let p be (-4 - -6 - 9) + z. Suppose -3*j + 5*t = -82, 0*j = 4*j + t - 71. What is the greatest common divisor of p and j?
19
Let k = 128 + -123. Suppose 49 = 5*c + 2*f, k*c - 70 = -3*f - 19. Calculate the greatest common divisor of c and 1.
1
Suppose -4*q + 391 = -89. Suppose -1464 = -8*n - q. Calculate the greatest common divisor of n and 12.
12
Let h be (112/40)/(14/20). Let b be 1/(h - 23192/5800). Calculate the greatest common divisor of 25 and b.
25
Let s(q) be the second derivative of q**4/12 - 3*q**3 - 37*q**2/2 + 19*q. Let o be s(15). Let j = -70 - o. Calculate the highest common divisor of 6 and j.
6
Suppose 0 = 15*p - 2090 - 1795. Let q(d) = 3*d + 19. Let g be q(-4). Calculate the highest common factor of p and g.
7
Suppose -7*h - 2*h = -169 - 1118. What is the greatest common factor of 65 and h?
13
Let q(m) = m**2 + 2*m - 5. Let k be q(-3). Let d be (-2 - -5) + 18/k. Let x be (-7 - 57/d)/((-1)/(-2)). Calculate the highest common divisor of 45 and x.
5
Let h be 572 - (0 + 7) - (1 + -6). What is the highest common factor of 240 and h?
30
Suppose 69 = -4*d + 81. Suppose 4*n - 4*p = -3*p + 39, -d*p = 2*n - 37. Calculate the highest common divisor of 77 and n.
11
Let l be 7/(-2*(-4 - (-46)/12)). Suppose -16*d + l*d - 45 = 0. Calculate the highest common factor of 117 and d.
9
Let k = -2698 - -2714. Let y(b) = -2*b**2 - 3*b - 2. Let o be y(-2). Let g be 67 - -3*4/o. Calculate the highest common divisor of k and g.
16
Suppose -114*t - 192 = -116*t. Let i be t - (4 + 0 + -3). Let p be (-4)/16 + (-154)/(-8). What is the greatest common factor of i and p?
19
Let h be ((-56)/(-6))/((-1)/(-3)). Let u(l) = -3*l + 31. Let c be u(9). Suppose -5*q + 14 = -c*q. What is the greatest common factor of h and q?
14
Let x(z) be the second derivative of -7/3*z**3 + 0 - 11/12*z**4 + 5*z**2 + 34*z - 1/20*z**5. Let v be x(-10). What is the greatest common divisor of v and 75?
25
Let p = -223 + 241. Let c = 77 - -202. Calculate the highest common factor of p and c.
9
Let d be (-1144377)/(-208) - (-27)/144. Calculate the greatest common factor of d and 168.
42
Let p = 97 - 87. Suppose -16 = -o + p. Suppose 87 = 5*x + 3